{"id":402,"date":"2017-07-08T15:14:20","date_gmt":"2017-07-08T15:14:20","guid":{"rendered":"http:\/\/anwalt-abel.de\/wordpress\/?page_id=402"},"modified":"2017-12-27T12:13:35","modified_gmt":"2017-12-27T12:13:35","slug":"startseite","status":"publish","type":"page","link":"https:\/\/anwalt-abel.de\/","title":{"rendered":"Startseite"},"content":{"rendered":"<h4 style=\"line-height: 1.5;\">Willkommen auf unserer Homepage.<\/h4>\n<h4 style=\"line-height: 1.5;\">Die Rechtsanwaltskanzlei Raimund Abel &amp; R\u00fcdiger Behr befindet sich in der Altonaer Poststra\u00dfe 15, 22767 Hamburg-Altona.<\/h4>\n<h4 style=\"line-height: 1.5;\">Die Kanzlei wird von den Rechtsanw\u00e4lten Raimund Abel und R\u00fcdiger Behr betrieben, die in Soziet\u00e4t verbunden sind und beide \u00fcber Erfahrungen aus mehr als 25 Jahren intensiver anwaltlicher T\u00e4tigkeit verf\u00fcgen.<\/h4>\n<h4 style=\"line-height: 1.5;\">Die Rechtsanw\u00e4lte sind f\u00fcr Sie auf verschiedenen Rechtsgebieten des t\u00e4glichen Lebens t\u00e4tig. Weitere Informationen finden Sie unter \u201cT\u00e4tigkeitsgebiete\u201d.<\/h4>\n<h4 style=\"line-height: 1.5;\">Wir w\u00fcrden uns freuen, Sie als Mandanten in unserer Kanzlei begr\u00fc\u00dfen zu d\u00fcrfen, Sofern Sie Fragen haben sollten, so rufen Sie uns unter 040 \/ 380 871 \u2013 0 an. Auch unsere Mitarbeiterinnen stehen Ihnen gern f\u00fcr Ausk\u00fcnfte zur Verf\u00fcgung.<\/h4>\n<h4 style=\"line-height: 1.5;\">Ihre Rechtsanwaltskanzlei<br \/>\nAbel &amp; Behr<\/h4>\n","protected":false},"excerpt":{"rendered":"<p>Willkommen auf unserer Homepage. Die Rechtsanwaltskanzlei Raimund Abel &amp; R\u00fcdiger Behr befindet sich in der Altonaer Poststra\u00dfe 15, 22767 Hamburg-Altona. Die Kanzlei wird von den Rechtsanw\u00e4lten Raimund Abel und R\u00fcdiger Behr betrieben, die in Soziet\u00e4t verbunden sind und beide \u00fcber Erfahrungen aus mehr als 25 Jahren intensiver anwaltlicher T\u00e4tigkeit verf\u00fcgen. Die Rechtsanw\u00e4lte sind f\u00fcr Sie &#8230; <a href=\"https:\/\/anwalt-abel.de\/\" class=\"more-link text-uppercase small\"><strong>Continue Reading<\/strong> <i class=\"fa fa-angle-double-right\" aria-hidden=\"true\"><\/i><\/a><\/p>\n","protected":false},"author":1,"featured_media":0,"parent":0,"menu_order":0,"comment_status":"closed","ping_status":"closed","template":"template_home.php","meta":{"_mi_skip_tracking":false,"_monsterinsights_skip_tracking":false,"_monsterinsights_sitenote_active":false,"_monsterinsights_sitenote_note":"","_monsterinsights_sitenote_category":0},"_links":{"self":[{"href":"https:\/\/anwalt-abel.de\/index.php?rest_route=\/wp\/v2\/pages\/402"}],"collection":[{"href":"https:\/\/anwalt-abel.de\/index.php?rest_route=\/wp\/v2\/pages"}],"about":[{"href":"https:\/\/anwalt-abel.de\/index.php?rest_route=\/wp\/v2\/types\/page"}],"author":[{"embeddable":true,"href":"https:\/\/anwalt-abel.de\/index.php?rest_route=\/wp\/v2\/users\/1"}],"replies":[{"embeddable":true,"href":"https:\/\/anwalt-abel.de\/index.php?rest_route=%2Fwp%2Fv2%2Fcomments&post=402"}],"version-history":[{"count":7,"href":"https:\/\/anwalt-abel.de\/index.php?rest_route=\/wp\/v2\/pages\/402\/revisions"}],"predecessor-version":[{"id":518,"href":"https:\/\/anwalt-abel.de\/index.php?rest_route=\/wp\/v2\/pages\/402\/revisions\/518"}],"wp:attachment":[{"href":"https:\/\/anwalt-abel.de\/index.php?rest_route=%2Fwp%2Fv2%2Fmedia&parent=402"}],"curies":[{"name":"wp","href":"https:\/\/api.w.org\/{rel}","templated":true}]}}